 r.
3, 1931
Let c(x) be the second derivative of x**5/20 + 11*x**4/12 + 11*x**3/6 - 113*x**2/2 + 66*x - 1. What are the prime factors of c(9)?
2, 11, 73
Let i(f) = -f - 1. Let u be i(-1). Suppose u = 4*y - q - 5743, 2*q = -y + 6*y - 7181. List the prime factors of y.
5, 7, 41
Suppose 5 = -5*y - u, -7*u - 20 = -3*u. What are the prime factors of (5 + 601/(-2))*(-2 + y)?
3, 197
Let a(k) = 18 + 3 + 4 + k + 17. Suppose -i + 90 = 5*o - 6*i, 5*i + 73 = 4*o. What are the prime factors of a(o)?
59
Suppose -2*z = -4*f + 44722, -55883 = 11*f - 16*f - 4*z. What are the prime factors of f?
7, 1597
Let y = -63 + 69. Suppose y*a = 1491 + 915. What are the prime factors of a?
401
Let i = 15 - 38. Let k(m) = m**3 + 22*m**2 - 38*m - 17. What are the prime factors of k(i)?
2, 41
Let r = -14 + 17. Suppose z = 4*y - z - 50, z = -r*y + 25. Let u(o) = -o**2 + 28*o + 11. What are the prime factors of u(y)?
191
Let a be (-24)/(-16)*438/9. Suppose 3*w - 245 = -4*z, 2*z + w - 48 = a. What are the prime factors of z?
59
Suppose -84594 = -102*i + 233952. What are the prime factors of i?
3, 347
Suppose v = -l + 1, 4 = -l + 6*l + 4*v. Suppose -2*p = -3*m - 393, 2*m - 3*p + 150 + 112 = l. Let j = 203 + m. List the prime factors of j.
2, 3
List the prime factors of (1 - -1)/1 + -462 + 2782.
2, 3, 43
Let h(m) = 69*m**2 + 289*m - 1169. What are the prime factors of h(4)?
1091
Let l be 72*(2 - (-9)/6*-1). Suppose 38*x = l*x + 6. Suppose 2*b = -x*b + 425. List the prime factors of b.
5, 17
Suppose 2*f - 9 + 1 = 0. Suppose -6 = t - f*t. Suppose -194 = -4*w - t*r, 2*r - 1 = -2*w + 91. List the prime factors of w.
3, 17
Suppose -c = -5*j - 38, 0 = -3*c + 8*c - 4*j - 169. Suppose 0 = c*z - 6125 - 2290. List the prime factors of z.
3, 5, 17
Let h be ((-128880)/15)/((-6)/9). Suppose 568 = -32*v + h. List the prime factors of v.
5, 7, 11
Suppose 36*v - 11*v = 50. List the prime factors of 13314/63 + v/3.
2, 53
Suppose -35*w + 16*w + 4*w = -468270. What are the prime factors of w?
2, 3, 11, 43
Let t(j) = 174*j**2 - 14*j - 60. Let u be t(-4). What are the prime factors of u/(1 - -1) - 0/(-272)?
2, 5, 139
Suppose -12*m - 24*m - 15*m = -2153475. What are the prime factors of m?
3, 5, 563
Let p(f) = f**3 + 12*f**2 - 47*f - 29. Let t be p(-15). Let v(z) = 466*z + 7. What are the prime factors of v(t)?
11, 43
Let f = 173 + -169. Suppose q - f*m - 245 = -0*m, q - 237 = 2*m. List the prime factors of q.
229
Let t = 238 - 26. Let n(d) = d**3 - 9*d**2 - 53*d + 18. Let b be n(13). Suppose -2*p - o + t = p, b*p = 4*o + 376. What are the prime factors of p?
2, 3
Suppose 0 = -3*v - 0*v - 21. Let z(c) be the second derivative of c**5/20 + 3*c**4/4 + 7*c**3/6 - 17*c**2/2 + 26*c - 6. What are the prime factors of z(v)?
2
Suppose -62*p + 6038560 = 455*p. What are the prime factors of p?
2, 5, 73
Let o(j) = 45*j**2 - 66*j - 1408. What are the prime factors of o(-19)?
16091
Let g(w) = -6*w**2 - 9*w + 3959 - 3970 + 21*w**2. List the prime factors of g(6).
5, 19
What are the prime factors of (64/(-40)*-5)/((-2)/(-1)) + 17940?
2, 2243
What are the prime factors of (-102 + 39)*182/(-6)?
3, 7, 13
Let y(t) = -236 + 48*t + 323 - 153. What are the prime factors of y(15)?
2, 3, 109
Let w = -1289 - -6835. Suppose 0 = -19*n + w + 135. What are the prime factors of n?
13, 23
Suppose -15*n + 16*n + 128124 = 5*u, -13*u = 2*n - 333127. List the prime factors of u.
5, 41
List the prime factors of 0/(-1) + 13667 + (-165)/(-11) - -1.
3, 4561
Let c(q) be the second derivative of 19*q**3/2 - 4*q**2 - 25*q. Let f be c(5). Let s = 473 - f. What are the prime factors of s?
2, 7
Suppose -3*b = 2*a - 33, 0 = 3*a + 10*b - 6*b - 51. Let v = 24 - a. Suppose -v*z = -2*w + 189, -w - z = z - 91. List the prime factors of w.
3, 31
Let z(v) = 150*v**2 + 9*v + 4. Let r be z(-2). Let h = 997 - r. What are the prime factors of h?
3, 137
Suppose -3*v = -v - 6, -z + 2*v - 8 = 0. Let f be ((-16)/(-20))/(z/(-5)). Suppose 0 = -g + 3*k + 228, g - f*g - 4*k = -214. What are the prime factors of g?
2, 3, 37
Let p(u) = 3*u**3 - 318*u**2 + 546*u + 320. List the prime factors of p(105).
5, 983
Suppose -4*o - 2*c = -722, 15 = -17*c + 12*c. Suppose -1879 - o = -3*l. What are the prime factors of l?
3, 229
Suppose 8*s - 2*s = 4458. Let d = s - -415. What are the prime factors of d?
2, 3, 193
Suppose 5 - 32 = -9*k. Suppose -k*d - 2*d + 3470 = 0. List the prime factors of d.
2, 347
Let c = 1054 + -4348. List the prime factors of (-24)/(-204) + c/(-34).
97
Let w be 345 + (1/(-3))/(8/96). What are the prime factors of ((-22)/22)/((-1)/w)?
11, 31
Let y(z) = 582*z**2 - 140*z - 504. List the prime factors of y(-4).
2, 1171
Suppose 13*v = 159690 - 42534. What are the prime factors of v?
2, 3, 751
Let d = 269 - 267. Suppose 2*w = 2*q - 60, -5*w + 27 = -d*q + 72. What are the prime factors of q?
5, 7
Let g(y) = y**2 + 2*y - 6. Let l be g(-9). Suppose -l*x = -61*x + 596. Let p = x + -76. What are the prime factors of p?
73
Let o be (-3 - 3) + -2*100/(-8). What are the prime factors of (-28)/(-1) - (3 - -10 - o)?
2, 17
Let y = -186 - -1434. Suppose 5*b + y + 941 = 4*t, -2*b = 10. List the prime factors of t.
541
Let j be 16 + -17 + 1 + 118. Let k = 196 - j. Suppose -10*s + k = -7*s. What are the prime factors of s?
2, 13
Let j(o) = -59 + o**2 - 1906*o + 1943*o - 2*o**2. What are the prime factors of j(25)?
241
Let a(w) = w**3 - 19*w**2 + 20*w - 34. Let n be a(18). Suppose -b - 5*l = -192, 11*l - 420 = -n*b + 13*l. What are the prime factors of b?
3, 23
Suppose 0 = 1526*x - 1528*x - 5*t + 21619, 10834 = x - t. List the prime factors of x.
3, 401
List the prime factors of ((-16)/(-5))/(142/134900).
2, 5, 19
List the prime factors of (-9 - -11)/((50/6535)/5).
1307
Suppose 5*r - 222 + 232 = 0, 4*m - 3*r = 15894. What are the prime factors of m?
2, 3, 331
Let k(s) = 2*s**2 + 18*s - 21. Let i be k(-10). List the prime factors of i*((-85)/(-34) + 2774/(-4)).
691
Let v = 4083 + -2438. Suppose v = -24*m + 29*m. What are the prime factors of m?
7, 47
Let q = -18812 + 36903. List the prime factors of q.
79, 229
Suppose c - 8633 = -33*f + 37*f, -5*c + 43315 = 5*f. List the prime factors of c.
11, 787
Let u = 10 + 66. What are the prime factors of (-19)/u + 1005/4?
251
Let v(q) = q**2 - 4*q - 8. Suppose 2*x - 4*o + 40 = 0, 2*o + 30 = -5*x - 2*o. List the prime factors of v(x).
2, 3, 11
Let q = 242892 + -159446. List the prime factors of q.
2, 11, 3793
Suppose 35*r + 120 = 39*r. Suppose -r*h + 2300 = -20*h. What are the prime factors of h?
2, 5, 23
Let k = -110 - -120. Suppose 15*f = -0*f + k*f. Suppose 16*u - 18*u + 192 = f. What are the prime factors of u?
2, 3
Let d = 2397 + 1323. What are the prime factors of d?
2, 3, 5, 31
Suppose -i - 19 = 3*b - 4, 25 = 5*i - 5*b. Let v be (i + 0)/(13/((-39)/6)). List the prime factors of 61 + v + 4*5/(-10).
59
Suppose x + 833 = -5*p, -x - p + 333 - 1166 = 0. Let n = x + 1230. What are the prime factors of n?
397
Let w(s) = 2*s**2 + 106*s - 72. List the prime factors of w(31).
2, 3, 107
Let u(p) = 7*p + 37. Let a(v) = -v**2 + 29*v + 147. Let i(g) = 2*a(g) - 9*u(g). Let s be i(17). What are the prime factors of (-12)/(-48) + s/(-8)?
2, 11
Let a be (2855*2/8)/((-16)/(-64)). Suppose 0 = 10*u + 375 - a. List the prime factors of u.
2, 31
Suppose 2*f - 12556 = 66*b - 62*b, f + 4*b - 6254 = 0. What are the prime factors of f?
2, 3, 5, 11, 19
Suppose 4*k - 5*r = -245, 5*k - 4*r + 302 = -2*r. Let x = k + 67. List the prime factors of x/((-49)/(-254)) + (-6)/21.
2, 3
Let u(d) = d**3 + 6*d**2 - 5. Let x(g) = g**3 + g. Suppose 11*r = 10*r - 1. Let i(s) = r*u(s) + 2*x(s). List the prime factors of i(6).
17
Let f = 69 - 69. Suppose -2*y = -5*m - 509, f = y + m - 6*m - 247. Let z = y - 116. What are the prime factors of z?
2, 73
Let n = 11586 - -6276. List the prime factors of n.
2, 3, 13, 229
Let s(t) = 2*t**2 - 14*t - 8. Let x(k) = -4*k**2 - 39*k - 1. Let u be x(-9). Suppose 1 + u = -3*z. List the prime factors of s(z).
2, 5, 7
Suppose 4*t = 4*v - 172472, v - 838 = -t + 42286. List the prime factors of v.
13, 31, 107
Suppose 2 = z - 2*g + 4, 3*z + 3 = 5*g. List the prime factors of 74 + (-4 + z)/4.
2, 37
Let l be ((-6)/(-4))/((-6)/(-492)). Suppose 0 = 2*m - 41 - l. Suppose 3 = -d, 2*d = k - 17 - m. What are the prime factors of k?
3, 31
Let a be 21